{"id":13,"date":"2023-06-22T16:36:38","date_gmt":"2023-06-22T14:36:38","guid":{"rendered":"http:\/\/etiprod.fr\/index.php\/blog\/"},"modified":"2023-08-03T18:11:41","modified_gmt":"2023-08-03T16:11:41","slug":"blog","status":"publish","type":"page","link":"https:\/\/etiprod.fr\/index.php\/blog\/","title":{"rendered":"Actualit\u00e9s"},"content":{"rendered":"\n<div class=\"wp-block-query is-layout-flow wp-block-query-is-layout-flow\"><ul class=\"wp-block-post-template is-layout-flow wp-block-post-template-is-layout-flow\"><li class=\"wp-block-post post-105 post type-post status-publish format-standard hentry category-photographie\">\n<h2 class=\"wp-block-post-title\"><a href=\"https:\/\/etiprod.fr\/index.php\/2025\/01\/08\/photographie-pour-japan-expo\/\" target=\"_self\" >Photographie pour Japan Expo<\/a><\/h2>\n\n\n\n<div class=\"wp-block-post-excerpt\"><p class=\"wp-block-post-excerpt__excerpt\">R\u00e9alisation d\u2019une prestation photographique pour GSS event, entreprise organisatrice de l\u2019\u00e9v\u00e8nement Japan Expo \u00e0 Villepinte. Photo des stands ainsi que des \u00e9v\u00e8nements lors de la convention. Pas de retouche, restitution des photos en JPEG \u00e0 la fin de la journ\u00e9e Photo officiel de l\u2019annonce de Japan Expo Paris \u00e0 Osaka pour l\u2019exposition universelle de 2025\u2026 <\/p><\/div>\n\n\n<hr class=\"wp-block-separator has-css-opacity\"\/>\n\n\n<div class=\"wp-block-post-date\"><time datetime=\"2025-01-08T10:47:42+01:00\">8 janvier 2025<\/time><\/div>\n<\/li><li class=\"wp-block-post post-90 post type-post status-publish format-standard hentry category-photographie\">\n<h2 class=\"wp-block-post-title\"><a href=\"https:\/\/etiprod.fr\/index.php\/2024\/03\/18\/photographie-pour-japan-expo-sud\/\" target=\"_self\" >Photographie pour Japan Expo Sud<\/a><\/h2>\n\n\n\n<div class=\"wp-block-post-excerpt\"><p class=\"wp-block-post-excerpt__excerpt\">R\u00e9alisation d&rsquo;une prestation photographique pour le compte de Japan Expo Sud. Photos des stands ainsi que des \u00e9v\u00e8nements au sein de la convention. Meilleur photos du vendredi instagram : japanexpo highlight de vendredi Meilleurs photos du samedi 9 mars : instagram : japanexpo highlight de samedi Photos r\u00e9alis\u00e9s lors de la prestations : instagram :\u2026 <\/p><\/div>\n\n\n<hr class=\"wp-block-separator has-css-opacity\"\/>\n\n\n<div class=\"wp-block-post-date\"><time datetime=\"2024-03-18T14:55:17+01:00\">18 mars 2024<\/time><\/div>\n<\/li><li class=\"wp-block-post post-88 post type-post status-publish format-standard hentry category-real\">\n<h2 class=\"wp-block-post-title\"><a href=\"https:\/\/etiprod.fr\/index.php\/2024\/03\/18\/production-live\/\" target=\"_self\" >Production Live<\/a><\/h2>\n\n\n\n<div class=\"wp-block-post-excerpt\"><p class=\"wp-block-post-excerpt__excerpt\">Production et r\u00e9alisation d&rsquo;une \u00e9mission en direct pour FullFrontal Moe ( journal amateur discutant des anim\u00e9s et de ses acteurs au travers d&rsquo;interviews) comprenant la r\u00e9alisation de l&rsquo;\u00e9mission ainsi que la r\u00e9alisation d&rsquo;overlay et la normalisation des m\u00e9dias avant diffusion. R\u00e9alisation de quatres \u00e9missions avec du mat\u00e9riel et un setup impos\u00e9 ATEM mini pro ISO\/\u2026 <\/p><\/div>\n\n\n<hr class=\"wp-block-separator has-css-opacity\"\/>\n\n\n<div class=\"wp-block-post-date\"><time datetime=\"2024-03-18T14:49:54+01:00\">18 mars 2024<\/time><\/div>\n<\/li><\/ul><\/div>\n","protected":false},"excerpt":{"rendered":"","protected":false},"author":1,"featured_media":0,"parent":0,"menu_order":0,"comment_status":"closed","ping_status":"closed","template":"","meta":{"footnotes":""},"class_list":["post-13","page","type-page","status-publish","hentry"],"_links":{"self":[{"href":"https:\/\/etiprod.fr\/index.php\/wp-json\/wp\/v2\/pages\/13","targetHints":{"allow":["GET"]}}],"collection":[{"href":"https:\/\/etiprod.fr\/index.php\/wp-json\/wp\/v2\/pages"}],"about":[{"href":"https:\/\/etiprod.fr\/index.php\/wp-json\/wp\/v2\/types\/page"}],"author":[{"embeddable":true,"href":"https:\/\/etiprod.fr\/index.php\/wp-json\/wp\/v2\/users\/1"}],"replies":[{"embeddable":true,"href":"https:\/\/etiprod.fr\/index.php\/wp-json\/wp\/v2\/comments?post=13"}],"version-history":[{"count":3,"href":"https:\/\/etiprod.fr\/index.php\/wp-json\/wp\/v2\/pages\/13\/revisions"}],"predecessor-version":[{"id":48,"href":"https:\/\/etiprod.fr\/index.php\/wp-json\/wp\/v2\/pages\/13\/revisions\/48"}],"wp:attachment":[{"href":"https:\/\/etiprod.fr\/index.php\/wp-json\/wp\/v2\/media?parent=13"}],"curies":[{"name":"wp","href":"https:\/\/api.w.org\/{rel}","templated":true}]}}